prime factors of 81273?
3, 27091
List the prime factors of 3338.
2, 1669
List the prime factors of 75539.
75539
What are the prime factors of 135933?
3, 7, 6473
List the prime factors of 3947.
3947
List the prime factors of 10929.
3, 3643
What are the prime factors of 1640?
2, 5, 41
What are the prime factors of 59166?
2, 3, 19, 173
List the prime factors of 1499.
1499
List the prime factors of 23466.
2, 3, 3911
What are the prime factors of 735?
3, 5, 7
List the prime factors of 2686.
2, 17, 79
What are the prime factors of 10348?
2, 13, 199
What are the prime factors of 1649?
17, 97
List the prime factors of 53806.
2, 26903
What are the prime factors of 36?
2, 3
List the prime factors of 2932.
2, 733
What are the prime factors of 1515?
3, 5, 101
What are the prime factors of 893?
19, 47
List the prime factors of 22651.
22651
List the prime factors of 417.
3, 139
List the prime factors of 77257.
23, 3359
What are the prime factors of 350?
2, 5, 7
List the prime factors of 2314.
2, 13, 89
What are the prime factors of 534?
2, 3, 89
What are the prime factors of 1109?
1109
List the prime factors of 362.
2, 181
List the prime factors of 97299.
3, 19, 569
What are the prime factors of 23452?
2, 11, 13, 41
What are the prime factors of 11867?
11867
List the prime factors of 602.
2, 7, 43
What are the prime factors of 33?
3, 11
What are the prime factors of 3663?
3, 11, 37
List the prime factors of 41707.
179, 233
List the prime factors of 80338.
2, 40169
What are the prime factors of 17313?
3, 29, 199
What are the prime factors of 1756?
2, 439
What are the prime factors of 606?
2, 3, 101
List the prime factors of 767.
13, 59
List the prime factors of 3335.
5, 23, 29
List the prime factors of 89263.
23, 3881
List the prime factors of 1212.
2, 3, 101
List the prime factors of 54028.
2, 13, 1039
List the prime factors of 3949.
11, 359
List the prime factors of 1283.
1283
List the prime factors of 352.
2, 11
What are the prime factors of 11074?
2, 7, 113
What are the prime factors of 14244?
2, 3, 1187
List the prime factors of 3190.
2, 5, 11, 29
List the prime factors of 2190.
2, 3, 5, 73
List the prime factors of 7088.
2, 443
What are the prime factors of 22500?
2, 3, 5
List the prime factors of 13.
13
List the prime factors of 7082.
2, 3541
What are the prime factors of 25876?
2, 6469
List the prime factors of 35284.
2, 8821
List the prime factors of 1452.
2, 3, 11
List the prime factors of 22858.
2, 11, 1039
List the prime factors of 75648.
2, 3, 197
What are the prime factors of 1437?
3, 479
List the prime factors of 11640.
2, 3, 5, 97
List the prime factors of 11774.
2, 7, 29
List the prime factors of 81550.
2, 5, 7, 233
List the prime factors of 280.
2, 5, 7
List the prime factors of 1747.
1747
List the prime factors of 99755.
5, 71, 281
List the prime factors of 21096.
2, 3, 293
List the prime factors of 79003.
199, 397
What are the prime factors of 93545?
5, 53, 353
List the prime factors of 120441.
3, 19, 2113
What are the prime factors of 23420?
2, 5, 1171
List the prime factors of 29348.
2, 11, 23, 29
What are the prime factors of 26573?
26573
List the prime factors of 98251.
98251
What are the prime factors of 6432?
2, 3, 67
List the prime factors of 1041.
3, 347
List the prime factors of 29666.
2, 7, 13, 163
List the prime factors of 466.
2, 233
List the prime factors of 97632.
2, 3, 113
List the prime factors of 1025.
5, 41
List the prime factors of 585.
3, 5, 13
List the prime factors of 3089.
3089
What are the prime factors of 2292?
2, 3, 191
What are the prime factors of 3557?
3557
What are the prime factors of 25371?
3, 2819
List the prime factors of 51394.
2, 7, 3671
What are the prime factors of 12507?
3, 11, 379
List the prime factors of 563.
563
What are the prime factors of 77014?
2, 7, 5501
List the prime factors of 193.
193
List the prime factors of 2465.
5, 17, 29
List the prime factors of 15782.
2, 13, 607
What are the prime factors of 12215?
5, 7, 349
List the prime factors of 45311.
7, 6473
What are the prime factors of 4387?
41, 107
What are the prime factors of 1208?
2, 151
What are the prime factors of 31033?
31033
List the prime factors of 120272.
2, 7517
What are the prime factors of 996?
2, 3, 83
What are the prime factors of 4475?
5, 179
List the prime factors of 29874.
2, 3, 13, 383
List the prime factors of 3232.
2, 101
What are the prime factors of 128522?
2, 179, 359
What are the prime factors of 4379?
29, 151
What are the prime factors of 1312?
2, 41
List the prime factors of 5657.
5657
List the prime factors of 63.
3, 7
What are the prime factors of 7875?
3, 5, 7
List the prime factors of 1983.
3, 661
What are the prime factors of 118752?
2, 3, 1237
List the prime factors of 16454.
2, 19, 433
List the prime factors of 2515.
5, 503
What are the prime factors of 10556?
2, 7, 13, 29
List the prime factors of 26468.
2, 13, 509
What are the prime factors of 7609?
7, 1087
What are the prime factors of 24080?
2, 5, 7, 43
List the prime factors of 8531.
19, 449
What are the prime factors of 3005?
5, 601
List the prime factors of 52802.
2, 17, 1553
What are the prime factors of 24836?
2, 7, 887
List the prime factors of 68419.
13, 19, 277
What are the prime factors of 3485?
5, 17, 41
List the prime factors of 1098.
2, 3, 61
List the prime factors of 4497.
3, 1499
List the prime factors of 7524.
2, 3, 11, 19
List the prime factors of 35105.
5, 7, 17, 59
What are the prime factors of 1108?
2, 277
What are the prime factors of 17959?
17959
List the prime factors of 559.
13, 43
What are the prime factors of 911?
911
What are the prime factors of 7179?
3, 2393
List the prime factors of 273.
3, 7, 13
List the prime factors of 2033.
19, 107
List the prime factors of 153.
3, 17
What are the prime factors of 71949?
3, 29, 827
List the prime factors of 72931.
72931
What are the prime factors of 362?
2, 181
List the prime factors of 8581.
8581
List the prime factors of 30.
2, 3, 5
List the prime factors of 1048.
2, 131
What are the prime factors of 1673?
7, 239
List the prime factors of 714.
2, 3, 7, 17
What are the prime factors of 18828?
2, 3, 523
What are the prime factors of 355?
5, 71
List the prime factors of 162276.
2, 3, 13523
What are the prime factors of 422?
2, 211
What are the prime factors of 63523?
139, 457
List the prime factors of 5281.
5281
What are the prime factors of 2963?
2963
List the prime factors of 5722.
2, 2861
List the prime factors of 15395.
5, 3079
List the prime factors of 2364.
2, 3, 197
List the prime factors of 8316.
2, 3, 7, 11
What are the prime factors of 100?
2, 5
What are the prime factors of 9075?
3, 5, 11
What are the prime factors of 144562?
2, 11, 6571
List the prime factors of 1125.
3, 5
List the prime factors of 1277.
1277
What are the prime factors of 115274?
2, 57637
List the prime factors of 809.
809
What are the prime factors of 83?
83
What are the prime factors of 4410?
2, 3, 5, 7
List the prime factors of 39813.
3, 23, 577
What are the prime factors of 472?
2, 59
What are the prime factors of 59229?
3, 6581
List the prime factors of 4376.
2, 547
What are the prime factors of 6198?
2, 3, 1033
List the prime factors of 2607.
3, 11, 79
What are the prime factors of 90206?
2, 23, 37, 53
What are the prime factors of 1369?
37
List the prime factors of 15131.
15131
List the prime factors of 3239.
41, 79
List the prime factors of 4546.
2, 2273
What are the prime factors of 2374?
2, 1187
What are the prime factors of 7915?
5, 1583
List the prime factors of 27334.
2, 79, 173
List the prime factors of 8716.
2, 2179
What are the prime factors of 12650?
2, 5, 11, 23
What are the prime factors of 6297?
3, 2099
List the prime factors of 4558.
2, 43, 53
What are the prime factors of 4709?
17, 277
What are the prime factors of 40732?
2, 17, 599
List the prime factors of 2331.
3, 7, 37
List the prime factors of 1170.
2, 3, 5, 13
What are the prime factors of 6286?
2, 7, 449
What are the prime factors of 4297?
4297
What are the prime factors of 302?
2, 151
What are the prime factors of 6302?
2, 23, 137
List the prime factors of 96403.
149, 647
What are the prime factors of 34291?
53, 647
What are the prime factors of 446?
2, 223
List the prime factors of 658.
2, 7, 47
What are the prime factor